2464. Let k = 3717 + o. Is k prime?
False
Suppose 41*v + 55*v = 24538848. Is v prime?
True
Suppose -4*h = 3*u - 1856, 2*u + 2343 = 4*h + h. Suppose 0 = j + 3, -4*w + h = -2*j + 109. Suppose w = -15*t + 19*t. Is t composite?
True
Suppose -327855 = 20*d - 4601207 + 693612. Is d a prime number?
True
Is 24861960/81 - 16/(-72) composite?
True
Let f(v) = -49*v - 6. Suppose 4*d + 7 + 41 = 0. Let c be 152/d + 3/(-9). Is f(c) a composite number?
False
Suppose -3*j + 3*y - y + 24 = 0, -5*j + 2*y + 36 = 0. Suppose j*n = -0*n + 138. Let a = 414 - n. Is a a composite number?
True
Suppose -3*m = -3*i + 256161, -9*i + 8*i - 5*m = -85339. Is i composite?
True
Let l(g) = -21*g - 13*g + 39 + 77*g + 333*g. Is l(2) a composite number?
True
Is 2151 - (2/3)/((-52)/468) a prime number?
False
Suppose -3*a + 66080 = 4*v, -v = 3*a + 4*v - 66079. Suppose -a = -4*p + 4*t, -3*t - 2*t = 0. Is p a prime number?
True
Suppose 2*z - 2*v = 4*z - 19754, 4*z - 39513 = -5*v. Suppose 4*j = -8544 - z. Is 3*-1*j/12 composite?
False
Let d = 5822 - 8421. Let y = d - -5840. Suppose 4*w + s = 4353, -3*w + s + 3*s = -y. Is w a composite number?
False
Suppose 454*z = 485*z - 765235. Is z a composite number?
True
Suppose 0 = -103*k + 110*k - 804769. Is k prime?
True
Let l = 3228 + -889. Suppose u - 3*o = l, 20*u - 23*u = -o - 7001. Is u a prime number?
True
Let q = 483 - 480. Suppose 3*j - j = -3*f + 3469, -3*j = -3*f + 3489. Suppose -q*s = -5*a - 868, -4*s + 3*a + 2*a + f = 0. Is s a composite number?
True
Suppose -3*r - 5*t + 75124 = -27209, -2*t = -4*r + 136418. Is r composite?
True
Suppose 19*k - 59*k + 3849134 = -2*k. Is k a prime number?
True
Suppose -2*x - x = -3*y + 230370, 2*y - 5*x - 153592 = 0. Is y a prime number?
False
Suppose 3*x = -3*n, 5*x - x + 6 = -3*n. Let m(y) be the second derivative of 11*y**4/4 - 3*y**3/2 - 29*y**2/2 + y. Is m(x) composite?
False
Let d = 947 - 944. Suppose -130*i + 129*i = 4*m - 5921, 3*m + d*i = 4434. Is m a composite number?
False
Is (18633 - (2 - 2))*(-5)/(-15) composite?
False
Suppose -39*h + 22*h - 22*h + 1613469 = 0. Is h prime?
False
Let v(o) = -o**3 - 26*o**2 - 24*o + 6. Let j(u) = 9*u + 56. Let y be j(-9). Let b be v(y). Let s(x) = -x**2 - 16*x + 64. Is s(b) a prime number?
True
Is (295304/32)/(18/72) a composite number?
False
Suppose 0 = 18*n - 10*n - 952. Let r = n - -60. Is r prime?
True
Suppose -r = -2*v + 149, 3*v + 2*v = 4*r + 371. Suppose 15 - v = -5*q. Suppose -14*n = -q*n - 1262. Is n a composite number?
False
Suppose -80*y + 54832325 = -12867915. Is y a prime number?
False
Is 15 + -18 + 223028 + 18 composite?
True
Let u(x) = x - 15. Let v be u(22). Let s(n) = -n**3 + 18*n**2 - 16*n + 18. Is s(v) composite?
True
Let i(n) = n**2 - 8*n + 13. Let k be i(7). Suppose -k*o = -469 - 12011. Let w = o + -1103. Is w composite?
False
Is (-12)/18*2568537/(-18) prime?
True
Suppose -2*m + 5*n + 98186 = 0, -5*m - 9*n + 6*n = -245465. Is m composite?
True
Suppose 0 = 26*f - 44552039 + 13653249. Is f a composite number?
True
Suppose -3*y - 3 = -33. Suppose 0*i - 2*i + 769 = 3*d, 0 = 5*i - y. Suppose -535 = -2*f - a, 0 = f - 0*a - 2*a - d. Is f prime?
False
Let u(m) = -11*m**3 + 6*m**2 + 3*m + 7. Suppose 10*a + 6 + 44 = 0. Is u(a) prime?
False
Let t = -767 + 772. Let q(c) = -10*c**3 + 3*c - 12. Let y(p) = -30*p**3 + p**2 + 8*p - 37. Let r(d) = -7*q(d) + 2*y(d). Is r(t) a composite number?
True
Let k = -112973 + 185158. Is k composite?
True
Let f = -233 + 236. Suppose -4*i + 4285 = -3*y, f*i + 2*y = 3*y + 3210. Is i prime?
True
Suppose 8*r - 27*r = -483930. Suppose -7*b - r = -267551. Is b prime?
True
Is (-3 - 2) + 65971 + -15 a prime number?
True
Suppose 0 = -90*w + 23695551 + 9643779. Is w a composite number?
True
Suppose 5*b + 5*g = 0, -2*g = -3*b - 4*g. Suppose b = -f - 7*f + 3848. Is f composite?
True
Let p(q) = q**2 - 6. Let r be p(-2). Is (-332)/(-2)*(1 + (-29)/r) a prime number?
False
Let f = -150 + 105. Let n be (-2)/6 + (-6720)/f. Suppose -n = -0*t - t. Is t prime?
True
Let y(n) = 3250*n**2 + 328*n + 2333. Is y(-7) composite?
False
Suppose 20 = -5*a, 87*a - 89*a + 88389 = p. Is p a prime number?
True
Let g(c) = -625*c - 33. Let z(w) = -14*w**3 + w**2 - 5*w + 4. Let f be z(1). Is g(f) a composite number?
True
Let u(a) = 494*a + 4161. Is u(40) a composite number?
True
Let f = 80772 - -4141. Is f a composite number?
False
Is 536553 + (-4 - (13 - 25)) prime?
True
Let x(q) = -2*q**3 - 42*q**2 - 13*q - 34. Let c be x(-19). Let z = 16 - c. Is z a prime number?
False
Let u(s) = s**3 - 3*s**2 + 3. Let y be u(3). Suppose -8*g + 85 = -y*g. Let j(q) = q**3 - 17*q**2 + 9*q - 8. Is j(g) a prime number?
False
Let d(i) be the third derivative of -i**6/120 - 11*i**5/60 - i**4/8 - 11*i**3/3 - i**2. Let t be d(-11). Suppose 0 = 12*l - t*l - 629. Is l a prime number?
False
Suppose -3*a + 140 = -2*d, -5*a + 186 = 3*d - 22. Suppose -a*s + 4700 = -8192. Is s prime?
True
Suppose -90*o + 17669621 = -7*o. Is o a prime number?
False
Suppose 0 = -2*d + 13*d - 209. Suppose -3*q + 3588 = -5*k, 3*q - d*k = -16*k + 3582. Is q composite?
True
Let c(f) = 8 - 77*f + 9 - 16 - 135*f. Let g(b) = b. Let j(l) = -c(l) - 2*g(l). Is j(5) a composite number?
False
Let g(y) = 54*y**2 + 11*y - 10. Let f(z) = -81*z**2 - 17*z + 16. Let a(i) = -5*f(i) - 7*g(i). Is a(9) prime?
False
Suppose 12*x = 11*x + 10. Let g be (2 - 8/x)/(1/(-3630)). Let y = -2845 - g. Is y composite?
False
Suppose 1590*h + 19573624 = 1598*h. Is h a composite number?
True
Let a be (-2 - -4)/((-14)/(-35)). Is (-1514)/(-4)*(-3 + a - 0) prime?
True
Suppose 9095 = -38*z + 43*z. Let i = -1444 + 160. Let w = i + z. Is w composite?
True
Let j = -35077 - -90164. Is j a prime number?
False
Suppose 849*y - 117931903 = 592*y. Is y prime?
True
Let j(a) = -9*a - 4. Let o be j(-1). Let i be (-100)/o*(-38)/4. Suppose i = 10*x - 5*x. Is x composite?
True
Let j = -487026 + 1035413. Is j a prime number?
False
Is (5 - 84/18)*60519 prime?
True
Let q(z) = 492*z**3 + 32*z + 488*z**3 + 42*z**2 + 19 - 979*z**3. Is q(-16) composite?
False
Suppose 956 = o - 122. Suppose 373 = -5*h + o. Let d = h + 492. Is d a prime number?
False
Let v = 81279 + 111250. Is v a prime number?
True
Let s = -9345 - -19534. Is s prime?
False
Suppose -34 = -5*v - a + 4*a, 3*v - 22 = a. Suppose -v*l = -5*l - 12. Suppose 3*k - l*t = 3862, -4*k + 3490 + 1711 = 5*t. Is k composite?
True
Let h = -10711 + 23495. Let i = 2359 + h. Is i a prime number?
False
Suppose -3*x - 8*j - 10 = -6*j, 5*x + j + 5 = 0. Suppose x = -136*k + 135*k + 5087. Is k a prime number?
True
Let k(o) = o**3 - 15*o**2 + 22*o + 8. Let i be k(10). Let c = i + 130. Let x = 239 + c. Is x a prime number?
True
Let t = -5581 - -5583. Suppose -10 = 2*c + 4*h, c + 3*h + 0*h + 9 = 0. Suppose 7*x + c*y = t*x + 14240, 0 = 4*y - 20. Is x a prime number?
False
Let o = -48746 - -109335. Is o a prime number?
True
Let n be (-2)/12 + (57249/54 - -1). Suppose j - 158 = n. Is j a composite number?
True
Is 1077104 - (-22 - 17/17) composite?
False
Let h = 33 + -33. Suppose 18 = 3*k - 3*c, -3*k + 5*c + 10 = -h*k. Is 1/(-5) - ((-55244)/k)/7 a composite number?
True
Suppose 72 - 63 = -3*z, 2*i - 486696 = -6*z. Is i a composite number?
True
Let g(r) = -372*r**3 + 8*r**2 + 34*r - 7. Is g(-3) a prime number?
True
Let q = 89 + -91. Let o be (q - -6 - 1) + 4. Suppose 4470 = -h + o*h. Is h prime?
False
Let q be -4 + -3 + 2 + 5. Suppose -13*f + 0 + 0 = q. Suppose -g - 5*r + 2914 = f, 3*r + 8812 = 3*g + 4*r. Is g a prime number?
True
Suppose 5*k = 3*w - 168, -2*k - 4*w = 25 + 63. Let p = 45 + k. Let l(f) = 6*f - 29. Is l(p) a prime number?
False
Suppose -8*j + 35*j = 2*j + 18592575. Is j composite?
True
Let r(s) = s**3 - 9*s**2 + 4*s + 13. Let v be r(7). Let k be v/21 + 3 - (-72)/42. Is k + 16/(-7) - (-164511)/63 a composite number?
True
Suppose 3*w + 303570 = 8*w. Let d = w - 38729. Is d composite?
True
Suppose 2*d - 45505 = 3*r, -21418 = 3*r - 4*d + 24079. Suppose 10*o + 225 = 5*o. Is r/o + (-4)/30 a composite number?
False
Suppose 348*l - 600*l = -312*l + 17467860. Is l composite?
True
Let o be (-480)/(-228) + 4/(-38). Suppose -3*p - 5*z + 4 = o, 0 = -5*p - 4*z + 25. Suppose 10*c = p*c + 427. Is c prime?
False
Suppose 108 = 3*z - 0. Let c = -44 + z. Is (4/c)/(2/(-5924)) a composite number?
False
Let r(d) = -d**2 - 5*d - 2. Let